Let c = 266274 - 154703. Is c composite?
True
Suppose 0 = 4*r + 8. Is r/(-7)*66514/4 a composite number?
False
Suppose 2091*v - 646289 = 2074*v. Is v a composite number?
True
Let f = 59886 + -42018. Suppose 3*i + 4*o - f = 18083, -3*i + 5*o = -35933. Is i a prime number?
True
Is (-54)/(-126) - (-4211838)/14 - 11 prime?
False
Let w(b) = -3*b**2 - 140*b + 185161. Is w(0) composite?
False
Let f(j) = 14*j - 8*j**2 + 11 + 24*j**3 + 8*j**2 - 55*j**3 + 13*j**2 + 30*j**3. Let w be 6/(1/(-2)*-1). Is f(w) a composite number?
True
Let u(w) be the second derivative of -w**5/20 + 13*w**4/12 + 8*w**3/3 - 14*w**2 + 22*w. Let a be u(14). Suppose -6*m + 8082 = -a*m. Is m prime?
False
Let d(g) = g**3 + 5*g**2 + 75*g - 614. Is d(7) composite?
False
Let x = -358388 - -544711. Is x prime?
False
Is (-210)/12*20/50 - 4668*-501 a composite number?
True
Let o(t) = 353*t**3 + 21*t**2 - 13*t + 22. Is o(9) prime?
False
Let n(w) = -w**2 + 21*w + 17. Let d be n(-12). Let p = 1374 + d. Let j = p - -196. Is j prime?
False
Suppose 5*w - 2578230 = -3*q + 5202352, 3*w = 15. Is q a composite number?
True
Suppose -2*i = 4*p - 0*p - 220, 0 = -i + p + 125. Suppose i*h = 108*h + 636. Is h prime?
True
Let x(b) = 15*b - 85. Let z be x(6). Suppose -13*a + 17406 = z*a. Is a prime?
True
Suppose 0 = 3*p - 0*p - 150. Let t = p + -37. Suppose -t*v = -12*v - 2177. Is v a prime number?
False
Let k(n) = n**3 - 1. Let t(c) = -8*c**2 - 3*c - 3. Let l(d) = 3*k(d) - t(d). Let q be l(-2). Suppose 3*u + 0*b - q*b - 1447 = 0, -20 = 4*b. Is u a prime number?
True
Let n(g) = -5*g - 2*g**2 + 2*g**2 + 8*g + g**2 + 2. Let v be n(0). Suppose v*m + 3*m + 3*q = 6190, 3*q = -3*m + 3708. Is m composite?
True
Let d = -2159 + 10599. Suppose -2*m = -0*m - d. Suppose m = -2*y + 6*y. Is y prime?
False
Suppose -41*s = -38*s - 4*x + 6, x - 5 = -s. Suppose 0 = s*l, 64*m - 152068 = 60*m - 3*l. Is m composite?
True
Suppose -22*t - 4980086 = -35729772. Is t a prime number?
False
Suppose 4*z = 30*z + 36*z - 5875802. Is z prime?
True
Suppose -44*s - 1349174 = 2448334. Let j = s + 146910. Is j a composite number?
True
Suppose 8 = l + 32. Is 2771/8 - (-9)/l a composite number?
True
Let a(o) be the first derivative of 55*o**3/6 - 9*o**2 - 3*o + 19. Let y(c) be the first derivative of a(c). Is y(5) a prime number?
True
Let c(j) = j**3 + j**2 - j + 1. Let d(b) = -14*b**3 - 12*b**2 - 3*b + 10. Let k(q) = 5*c(q) + d(q). Suppose -5*o + 14 = -7*o. Is k(o) prime?
False
Is 22/(176/12)*((-392216)/(-3) - -2) composite?
False
Let p(w) = -20*w**3 + 12*w**2 - 25*w + 88. Is p(-15) a prime number?
True
Let s be -6*(5 + (-30)/9). Is 3628/10*s/(-4) composite?
False
Suppose -14*z + 46*z = 608. Let y be (37 - (2 + -3))/1. Let w = y - z. Is w prime?
True
Let g(q) = 159*q + 2 - 194*q - 17*q**2 + 22 - 3*q**3. Is g(-14) composite?
True
Suppose 61*h + 4*k + 254197 = 62*h, 0 = h - 5*k - 254197. Is h prime?
True
Let u = -393303 - -622864. Is u prime?
True
Let n = -75206 + 105922. Suppose 19*a = 23*a - n. Is a prime?
False
Suppose 0 = 20*u - 23*u - 168. Let c = -54 - u. Suppose c*j - 2307 = -j. Is j prime?
True
Suppose -d - k - 3*k - 14 = 0, 3*d + 14 = -5*k. Let y be (2 - d)/((-2 - 1) + 1). Let h(x) = 3*x + 781. Is h(y) composite?
True
Let k(r) = -59993*r**3 + 7*r**2 + 6*r + 9. Is k(-2) composite?
True
Let j = -124120 + 180371. Is j prime?
False
Suppose -3*x = -5*x + 8. Suppose -21 + 9 = -x*k. Is (-3084)/2*k/(-9) a composite number?
True
Let n(d) = 943*d + 67. Let k be n(-13). Is k/48*(74/4)/(-1) prime?
False
Let j be 135/(-21) + 15/70*2. Is -314*((-2)/7 + j/28) prime?
True
Let i be 21/15 - (-42)/70. Suppose -i*d = -364 - 2074. Is d prime?
False
Let z be 4682/4 - 2/(-4). Let t = z + -752. Is t prime?
True
Let m(u) be the first derivative of 23*u**4/2 + u**3/3 + 5*u**2/2 - 7*u + 41. Is m(3) a prime number?
True
Let d be ((-3 + 3)/4)/(-3 - -7). Let q(l) = d - 2 - 24 - 40*l. Is q(-4) a composite number?
True
Let m(p) = -p**2 + 4*p + 2. Let c be m(0). Let k(y) = -7*y - 20. Let n be k(-5). Suppose c*x + 3*l = 4916 + n, -4*l - 4966 = -2*x. Is x a composite number?
False
Suppose -l - h + 64756 = 0, -l - 4*h + 42418 = -22323. Suppose -5*u + 4*u + 4*a + l = 0, 0 = 5*a - 5. Is u prime?
False
Let u(l) be the first derivative of 6*l**2 - 2*l + 9. Let p be u(4). Suppose 917 = p*v - 45*v. Is v a composite number?
True
Let t = 128067 - 47078. Is t a composite number?
False
Suppose -42 + 12 = -n - c, 0 = -3*c + 12. Let i(u) = u**3 - 24*u**2 - 43*u - 8. Is i(n) a composite number?
True
Suppose -60 = 3*r - 72. Suppose -369 + 11961 = r*w - 4*y, 5*y + 25 = 0. Is w prime?
False
Suppose 18*g - 4*g = -37254. Let y = 8060 + g. Is y a prime number?
True
Is 64/8 - 4/((-16)/190860) a composite number?
True
Suppose -4 = 880*q - 878*q. Let t(k) = -202*k**3 + 3*k**2 + 15*k + 25. Is t(q) a prime number?
False
Suppose 38*x = 3*c + 33*x - 464279, -6*x = 24. Is c composite?
False
Let k(j) = -j**2 - j + 8. Let b be k(9). Let p be -165 + -12 + 6 - -4. Let t = b - p. Is t a composite number?
True
Suppose -2*r + 9*r = 21. Let s be ((-6)/9*r)/((-12)/66). Suppose -16*x + 5755 = -s*x. Is x prime?
True
Let x(z) = 633*z - 20. Let u(c) = -211*c + 7. Let g(m) = 11*u(m) + 4*x(m). Let h = 4083 - 4081. Is g(h) composite?
False
Suppose u = -3*p, -3*p = -4*p - 2*u. Suppose v - 3*v - 2 = p, 4*z + 2*v = 3410. Is z composite?
False
Let u(w) = w + 6. Let o be u(-2). Let f be (-4)/(-12)*21 - o. Suppose z - 670 = -g - 128, 2*z - f*g - 1079 = 0. Is z a prime number?
True
Suppose 0 = -141*f + 143*f + 804. Suppose -1881 = -0*v - 3*v - 2*m, m - 3 = 0. Let t = v + f. Is t composite?
False
Suppose -28 = -4*t + 4*y, -y + 29 = -2*t + 4*t. Let m be ((-3)/(-2))/(1 - 9/t). Is (-2)/4 - (-717)/m prime?
False
Let p = 617446 - 416691. Is p prime?
False
Let d(a) = 85*a**3 - 18*a**2 - 5*a + 57. Let k be d(17). Suppose -6*y = -31*y + k. Is y a composite number?
True
Suppose 53*q = 51*q + 15120. Let b = q + -5003. Let v = -1546 + b. Is v prime?
False
Let p = 151318 + -1559. Is p composite?
False
Suppose -5*k + 50 + 115 = -3*t, -4*t + 5*k = 225. Let n be ((-394)/8)/(15/t). Let a = n + -100. Is a a prime number?
True
Suppose 4*c = -c + 25. Suppose -2*b = 0, -d - 2*d + 12 = -c*b. Suppose 3*l - n + 3*n - 9611 = 0, 16011 = 5*l - d*n. Is l prime?
True
Suppose 5*y + 20 = 0, -29*y = 2*t - 31*y - 229170. Is t a composite number?
True
Let h(a) = 25 + 9*a - 51*a**3 - 7*a**2 + a + 58*a**3. Is h(6) a composite number?
True
Suppose -6996 = -g - 4247. Is g composite?
False
Let m = -217 + 217. Is 1*(596 - (m - 3)) prime?
True
Let i(z) = 54*z + 3. Let f = -52 + 57. Suppose -3*v + 39 = -v + f*m, -4*v = -2*m - 18. Is i(v) a composite number?
True
Suppose 6*c - 9*c + 48172 = -4*p, 2*c + 4*p - 32128 = 0. Let j = c + -4326. Is j prime?
False
Is 6 - (-1)/(-4)*((-3042924)/12 - -13) composite?
False
Let o(d) = -20*d**3 - 18*d**2 - 55*d - 13. Is o(-6) composite?
False
Suppose -2*r - 4*r + 594 = 0. Let g = -93 + r. Let a(p) = 119*p - 23. Is a(g) a prime number?
True
Let v be ((-159)/(-12) + 1)/(6/8). Let j(p) = 53*p - 54. Is j(v) a composite number?
False
Let k(y) = -1687*y - 4393. Is k(-28) a composite number?
True
Let v(y) = -65*y**3 - 18*y**2 - 4*y + 85. Is v(-19) a composite number?
True
Let i(h) = -h**3 - 9*h**2 - 6*h + 37. Suppose -3*r = -2*j - 23, 1 = 47*j - 46*j - 4*r. Is i(j) prime?
True
Let x(y) = y**3 - 5*y**2 + 3*y - 15. Let a be x(5). Suppose a = -37*v - 3663 + 34706. Is v composite?
False
Let t(k) = k**2 - 53*k - 3831. Is t(-62) prime?
True
Is ((-7)/5)/((322/11003965)/(-46)) a prime number?
False
Suppose p = -4*j + 30098, j - 57689 = -4*p + 62748. Suppose p = 14*m + 6072. Is m composite?
True
Suppose -2*m - 245 = -3*w - m, -3*w - 5*m + 215 = 0. Let y = -18 + w. Let k = y + -25. Is k a composite number?
False
Suppose 4*y + 1114581 = 3*a, 18*a - 371527 = 17*a - y. Is a a prime number?
False
Suppose f + 2*i - 234 = -f, -f + 121 = -i. Let d = 201 - f. Let m = d - -45. Is m a composite number?
False
Suppose -2*f - 7 = -3*p, -2*p + 16 = 2*p + 4*f. Suppose -818 = -p*v - t, -2*t - 10 = -20. Is v prime?
True
Suppose v = -v + 70. Suppose 0*l + 8 = k - l, v = 5*k - 4*l. Suppose -k*j = -4*x + 1574, 5*x - j = 2*j + 1969. Is x a prime number?
False
Let b = -2052 - -1037. Let r = 1574 + b. Let g = 810 - r. Is g a composite number?
False
Suppose -5*